{"id":25,"date":"2017-06-19T07:08:22","date_gmt":"2017-06-19T07:08:22","guid":{"rendered":"http:\/\/club-polygone.com\/index.php\/contact\/"},"modified":"2021-02-04T17:59:39","modified_gmt":"2021-02-04T16:59:39","slug":"contact","status":"publish","type":"page","link":"https:\/\/club-polygone.com\/index.php\/contact\/","title":{"rendered":"Contactez-nous"},"content":{"rendered":"\n\n\t<h1>\n\t\t\t\t\tContactez-nous\n\t\t\t\t<\/h1>\n\t<h4>\n\t\t\t\t\tREJOINDRE LE CLUB\n\t\t\t\t<\/h4>\n\t\t\t<h5><strong>D\u00e9couvrez de quelle mani\u00e8re d\u00e9velopper votre entreprise avec notre r\u00e9seau Polygone<\/strong><\/h5>\t\t\n\t<h2>\n\t\t\t\t\tClub Polygone\n\t\t\t\t<\/h2>\n\t\t\t\t<img decoding=\"async\" src=\"http:\/\/club-polygone.com\/wp-content\/uploads\/2020\/11\/picto-polygone-1.jpg\" alt=\"picto polygone 1\" itemprop=\"image\"\/>\n\t\t\t<h5>Le club Polygone sera heureux de vous conviez \u00e0 un petit d\u00e9jeuner business un vendredi matin !<\/h5>\t\t\n\t<h4>\n\t\t\t\t\tEcrivez-nous !\n\t\t\t\t<\/h4>\n\t\t\t<h6>N&#8217;h\u00e9sitez pas \u00e0 nous contacter pour toutes demandes d&#8217;informations sur le Club Polygone.<\/h6><h5>Ou nous rejoindre \u00e0 une r\u00e9union :<br \/><strong>Le vendredi matin de 8 H \u00e0 9 H<\/strong><\/h5><h4>\u00a0<\/h4>\t\t\n\t<h3>\n\t\t\t\t\tBesoin d&#8217;informations ? C&#8217;est ici !\n\t\t\t\t<\/h3>\n\t<div class=\"wpforms-container wpforms-container-full\" id=\"wpforms-1093\"><form id=\"wpforms-form-1093\" class=\"wpforms-validate wpforms-form\" data-formid=\"1093\" method=\"post\" enctype=\"multipart\/form-data\" action=\"\/index.php\/wp-json\/wp\/v2\/pages\/25\" data-token=\"47b9241c0a0a8ed9eca82670ac75952a\"><noscript class=\"wpforms-error-noscript\">Please enable JavaScript in your browser to complete this form.<\/noscript><div class=\"wpforms-field-container\"><div id=\"wpforms-1093-field_0-container\" class=\"wpforms-field wpforms-field-name\" data-field-id=\"0\"><label class=\"wpforms-field-label wpforms-label-hide\" for=\"wpforms-1093-field_0\">Nom <span class=\"wpforms-required-label\">*<\/span><\/label><div class=\"wpforms-field-row wpforms-field-large\"><div class=\"wpforms-field-row-block wpforms-first wpforms-one-half\"><input type=\"text\" id=\"wpforms-1093-field_0\" class=\"wpforms-field-name-first wpforms-field-required\" name=\"wpforms[fields][0][first]\" required><label for=\"wpforms-1093-field_0\" class=\"wpforms-field-sublabel after \">First<\/label><\/div><div class=\"wpforms-field-row-block wpforms-one-half\"><input type=\"text\" id=\"wpforms-1093-field_0-last\" class=\"wpforms-field-name-last wpforms-field-required\" name=\"wpforms[fields][0][last]\" required><label for=\"wpforms-1093-field_0-last\" class=\"wpforms-field-sublabel after \">Last<\/label><\/div><\/div><\/div><div id=\"wpforms-1093-field_1-container\" class=\"wpforms-field wpforms-field-email\" data-field-id=\"1\"><input type=\"email\" id=\"wpforms-1093-field_1\" class=\"wpforms-field-large wpforms-field-required\" name=\"wpforms[fields][1]\" placeholder=\"Votre Mail\" required><\/div><div id=\"wpforms-1093-field_2-container\" class=\"wpforms-field wpforms-field-textarea\" data-field-id=\"2\"><label class=\"wpforms-field-label wpforms-label-hide\" for=\"wpforms-1093-field_2\">Message <span class=\"wpforms-required-label\">*<\/span><\/label><textarea id=\"wpforms-1093-field_2\" class=\"wpforms-field-large wpforms-field-required\" name=\"wpforms[fields][2]\" placeholder=\"Message\" required><\/textarea><\/div><\/div><div class=\"wpforms-field wpforms-field-hp\"><label for=\"wpforms-1093-field-hp\" class=\"wpforms-field-label\">Website<\/label><input type=\"text\" name=\"wpforms[hp]\" id=\"wpforms-1093-field-hp\" class=\"wpforms-field-medium\"><\/div><div class=\"wpforms-submit-container\" ><input type=\"hidden\" name=\"wpforms[id]\" value=\"1093\"><input type=\"hidden\" name=\"wpforms[author]\" value=\"1\"><button type=\"submit\" name=\"wpforms[submit]\" class=\"wpforms-submit \" id=\"wpforms-submit-1093\" value=\"wpforms-submit\" aria-live=\"assertive\" data-alt-text=\"Envoyer\" data-submit-text=\"Envoyer\">Envoyer<\/button><\/div><\/form><\/div>  <!-- .wpforms-container -->\n\t<iframe loading=\"lazy\" width=\"100%\" height=\"400\" src=\"https:\/\/www.google.com\/maps\/embed?pb=!1m18!1m12!1m3!1d2605.489128085923!2d2.5292483156875396!3d49.229214979325484!2m3!1f0!2f0!3f0!3m2!1i1024!2i768!4f13.1!3m3!1m2!1s0x478bac1d1c2ccb1b%3A0x197207311d58e345!2sUGOLF%3A%20Golf%20d'Apremont%20(Golf%20Chantilly%2C%20Golf%20Senlis)!5e0!3m2!1sfr!2sfr!4v1605224318070!5m2!1sfr!2sfr\" width=\"600\" height=\"450\" frameborder=\"0\" allowfullscreen=\"\" aria-hidden=\"false\" tabindex=\"0\"><\/iframe>\n\n","protected":false},"excerpt":{"rendered":"<p>Contactez-nous REJOINDRE LE CLUB D\u00e9couvrez de quelle mani\u00e8re d\u00e9velopper votre entreprise avec notre r\u00e9seau Polygone Club Polygone Le club Polygone sera heureux de vous conviez \u00e0 un petit d\u00e9jeuner business un vendredi matin ! Ecrivez-nous ! N&#8217;h\u00e9sitez pas \u00e0 nous contacter pour toutes demandes d&#8217;informations sur le Club Polygone. Ou nous rejoindre \u00e0 une r\u00e9union &hellip;<\/p>\n<p class=\"read-more\"> <a class=\"\" href=\"https:\/\/club-polygone.com\/index.php\/contact\/\"> <span class=\"screen-reader-text\">Contactez-nous<\/span> Read More &raquo;<\/a><\/p>\n","protected":false},"author":1,"featured_media":0,"parent":0,"menu_order":0,"comment_status":"closed","ping_status":"closed","template":"","meta":{"footnotes":""},"class_list":["post-25","page","type-page","status-publish","hentry"],"yoast_head":"<!-- This site is optimized with the Yoast SEO plugin v15.9.1 - https:\/\/yoast.com\/wordpress\/plugins\/seo\/ -->\n<title>Contactez-nous - Club Polygone<\/title>\n<link rel=\"canonical\" href=\"https:\/\/club-polygone.com\/index.php\/contact\/\" \/>\n<meta property=\"og:locale\" content=\"en_US\" \/>\n<meta property=\"og:type\" content=\"article\" \/>\n<meta property=\"og:title\" content=\"Contactez-nous - Club Polygone\" \/>\n<meta property=\"og:description\" content=\"Contactez-nous REJOINDRE LE CLUB D\u00e9couvrez de quelle mani\u00e8re d\u00e9velopper votre entreprise avec notre r\u00e9seau Polygone Club Polygone Le club Polygone sera heureux de vous conviez \u00e0 un petit d\u00e9jeuner business un vendredi matin ! Ecrivez-nous ! N&#8217;h\u00e9sitez pas \u00e0 nous contacter pour toutes demandes d&#8217;informations sur le Club Polygone. Ou nous rejoindre \u00e0 une r\u00e9union &hellip; Contactez-nous Read More &raquo;\" \/>\n<meta property=\"og:url\" content=\"https:\/\/club-polygone.com\/index.php\/contact\/\" \/>\n<meta property=\"og:site_name\" content=\"Club Polygone\" \/>\n<meta property=\"article:modified_time\" content=\"2021-02-04T16:59:39+00:00\" \/>\n<meta property=\"og:image\" content=\"http:\/\/club-polygone.com\/wp-content\/uploads\/2020\/11\/picto-polygone-1.jpg\" \/>\n<meta name=\"twitter:card\" content=\"summary_large_image\" \/>\n<script type=\"application\/ld+json\" class=\"yoast-schema-graph\">{\"@context\":\"https:\/\/schema.org\",\"@graph\":[{\"@type\":\"WebSite\",\"@id\":\"https:\/\/club-polygone.com\/#website\",\"url\":\"https:\/\/club-polygone.com\/\",\"name\":\"Club Polygone\",\"description\":\"Un r\\u00e9seau d&#039;entreprise \",\"potentialAction\":[{\"@type\":\"SearchAction\",\"target\":\"https:\/\/club-polygone.com\/?s={search_term_string}\",\"query-input\":\"required name=search_term_string\"}],\"inLanguage\":\"en-US\"},{\"@type\":\"ImageObject\",\"@id\":\"https:\/\/club-polygone.com\/index.php\/contact\/#primaryimage\",\"inLanguage\":\"en-US\",\"url\":\"http:\/\/club-polygone.com\/wp-content\/uploads\/2020\/11\/picto-polygone-1.jpg\"},{\"@type\":\"WebPage\",\"@id\":\"https:\/\/club-polygone.com\/index.php\/contact\/#webpage\",\"url\":\"https:\/\/club-polygone.com\/index.php\/contact\/\",\"name\":\"Contactez-nous - Club Polygone\",\"isPartOf\":{\"@id\":\"https:\/\/club-polygone.com\/#website\"},\"primaryImageOfPage\":{\"@id\":\"https:\/\/club-polygone.com\/index.php\/contact\/#primaryimage\"},\"datePublished\":\"2017-06-19T07:08:22+00:00\",\"dateModified\":\"2021-02-04T16:59:39+00:00\",\"breadcrumb\":{\"@id\":\"https:\/\/club-polygone.com\/index.php\/contact\/#breadcrumb\"},\"inLanguage\":\"en-US\",\"potentialAction\":[{\"@type\":\"ReadAction\",\"target\":[\"https:\/\/club-polygone.com\/index.php\/contact\/\"]}]},{\"@type\":\"BreadcrumbList\",\"@id\":\"https:\/\/club-polygone.com\/index.php\/contact\/#breadcrumb\",\"itemListElement\":[{\"@type\":\"ListItem\",\"position\":1,\"item\":{\"@type\":\"WebPage\",\"@id\":\"https:\/\/club-polygone.com\/\",\"url\":\"https:\/\/club-polygone.com\/\",\"name\":\"Accueil\"}},{\"@type\":\"ListItem\",\"position\":2,\"item\":{\"@type\":\"WebPage\",\"@id\":\"https:\/\/club-polygone.com\/index.php\/contact\/\",\"url\":\"https:\/\/club-polygone.com\/index.php\/contact\/\",\"name\":\"Contactez-nous\"}}]}]}<\/script>\n<!-- \/ Yoast SEO plugin. -->","_links":{"self":[{"href":"https:\/\/club-polygone.com\/index.php\/wp-json\/wp\/v2\/pages\/25","targetHints":{"allow":["GET"]}}],"collection":[{"href":"https:\/\/club-polygone.com\/index.php\/wp-json\/wp\/v2\/pages"}],"about":[{"href":"https:\/\/club-polygone.com\/index.php\/wp-json\/wp\/v2\/types\/page"}],"author":[{"embeddable":true,"href":"https:\/\/club-polygone.com\/index.php\/wp-json\/wp\/v2\/users\/1"}],"replies":[{"embeddable":true,"href":"https:\/\/club-polygone.com\/index.php\/wp-json\/wp\/v2\/comments?post=25"}],"version-history":[{"count":22,"href":"https:\/\/club-polygone.com\/index.php\/wp-json\/wp\/v2\/pages\/25\/revisions"}],"predecessor-version":[{"id":1565,"href":"https:\/\/club-polygone.com\/index.php\/wp-json\/wp\/v2\/pages\/25\/revisions\/1565"}],"wp:attachment":[{"href":"https:\/\/club-polygone.com\/index.php\/wp-json\/wp\/v2\/media?parent=25"}],"curies":[{"name":"wp","href":"https:\/\/api.w.org\/{rel}","templated":true}]}}